
13, 41, 73
What are the prime factors of 342?
2, 3, 19
List the prime factors of 904.
2, 113
What are the prime factors of 19661?
19661
List the prime factors of 1083.
3, 19
List the prime factors of 3641.
11, 331
What are the prime factors of 66?
2, 3, 11
What are the prime factors of 44157?
3, 41, 359
What are the prime factors of 4723?
4723
List the prime factors of 56483.
7, 8069
List the prime factors of 2410.
2, 5, 241
What are the prime factors of 68601?
3, 13, 1759
List the prime factors of 48291.
3, 16097
What are the prime factors of 1578?
2, 3, 263
What are the prime factors of 10565?
5, 2113
What are the prime factors of 6?
2, 3
List the prime factors of 974.
2, 487
List the prime factors of 1445.
5, 17
List the prime factors of 128830.
2, 5, 13, 991
What are the prime factors of 868?
2, 7, 31
What are the prime factors of 2459?
2459
List the prime factors of 26781.
3, 79, 113
List the prime factors of 37447.
37447
What are the prime factors of 9010?
2, 5, 17, 53
List the prime factors of 11234.
2, 41, 137
List the prime factors of 702.
2, 3, 13
What are the prime factors of 45833?
45833
List the prime factors of 846.
2, 3, 47
List the prime factors of 20991.
3, 6997
What are the prime factors of 64387?
31, 67
What are the prime factors of 17916?
2, 3, 1493
What are the prime factors of 7268?
2, 23, 79
What are the prime factors of 552?
2, 3, 23
List the prime factors of 211.
211
What are the prime factors of 2967?
3, 23, 43
List the prime factors of 21470.
2, 5, 19, 113
What are the prime factors of 5850?
2, 3, 5, 13
What are the prime factors of 123933?
3, 109, 379
List the prime factors of 2022.
2, 3, 337
What are the prime factors of 18491?
11, 41
List the prime factors of 7685.
5, 29, 53
List the prime factors of 44937.
3, 4993
What are the prime factors of 478?
2, 239
What are the prime factors of 27208?
2, 19, 179
What are the prime factors of 44036?
2, 101, 109
What are the prime factors of 754?
2, 13, 29
What are the prime factors of 62325?
3, 5, 277
List the prime factors of 20516.
2, 23, 223
List the prime factors of 305.
5, 61
List the prime factors of 22211.
7, 19, 167
What are the prime factors of 30077?
19, 1583
What are the prime factors of 30612?
2, 3, 2551
What are the prime factors of 1756?
2, 439
List the prime factors of 25842.
2, 3, 59, 73
List the prime factors of 8304.
2, 3, 173
What are the prime factors of 1632?
2, 3, 17
What are the prime factors of 13400?
2, 5, 67
What are the prime factors of 90?
2, 3, 5
List the prime factors of 438.
2, 3, 73
What are the prime factors of 13406?
2, 6703
List the prime factors of 86.
2, 43
What are the prime factors of 35595?
3, 5, 7, 113
List the prime factors of 15220.
2, 5, 761
List the prime factors of 12159.
3, 7, 193
What are the prime factors of 14298?
2, 3, 2383
What are the prime factors of 7208?
2, 17, 53
List the prime factors of 9888.
2, 3, 103
What are the prime factors of 967?
967
What are the prime factors of 1022?
2, 7, 73
List the prime factors of 7422.
2, 3, 1237
What are the prime factors of 4442?
2, 2221
List the prime factors of 6846.
2, 3, 7, 163
List the prime factors of 4238.
2, 13, 163
What are the prime factors of 2304?
2, 3
What are the prime factors of 378?
2, 3, 7
What are the prime factors of 182422?
2, 197, 463
What are the prime factors of 61798?
2, 11, 53
List the prime factors of 7823.
7823
What are the prime factors of 5786?
2, 11, 263
List the prime factors of 2206.
2, 1103
What are the prime factors of 3009?
3, 17, 59
What are the prime factors of 5021?
5021
What are the prime factors of 14799?
3, 4933
List the prime factors of 57992.
2, 11, 659
What are the prime factors of 2831?
19, 149
List the prime factors of 93692.
2, 59, 397
What are the prime factors of 34403?
34403
List the prime factors of 3141.
3, 349
What are the prime factors of 295?
5, 59
List the prime factors of 77469.
3, 7, 17, 31
List the prime factors of 91074.
2, 3, 43, 353
List the prime factors of 1252.
2, 313
What are the prime factors of 7772?
2, 29, 67
What are the prime factors of 10598?
2, 7, 757
List the prime factors of 124595.
5, 24919
What are the prime factors of 76865?
5, 15373
List the prime factors of 12173.
7, 37, 47
What are the prime factors of 7049?
7, 19, 53
What are the prime factors of 1001?
7, 11, 13
What are the prime factors of 2328?
2, 3, 97
What are the prime factors of 3442?
2, 1721
List the prime factors of 26.
2, 13
What are the prime factors of 356?
2, 89
List the prime factors of 3696.
2, 3, 7, 11
List the prime factors of 77517.
3, 11, 29
What are the prime factors of 12129?
3, 13, 311
What are the prime factors of 762?
2, 3, 127
What are the prime factors of 91659?
3, 30553
What are the prime factors of 41962?
2, 20981
What are the prime factors of 707?
7, 101
What are the prime factors of 11149?
11149
List the prime factors of 20145.
3, 5, 17, 79
What are the prime factors of 13979?
7, 1997
What are the prime factors of 1420?
2, 5, 71
List the prime factors of 3740.
2, 5, 11, 17
List the prime factors of 129554.
2, 211, 307
List the prime factors of 674.
2, 337
What are the prime factors of 313?
313
What are the prime factors of 6136?
2, 13, 59
List the prime factors of 7279.
29, 251
List the prime factors of 4587.
3, 11, 139
List the prime factors of 97535.
5, 19507
What are the prime factors of 1001?
7, 11, 13
What are the prime factors of 16371?
3, 17, 107
What are the prime factors of 69485?
5, 13, 1069
List the prime factors of 2872.
2, 359
What are the prime factors of 32968?
2, 13, 317
List the prime factors of 9443.
7, 19, 71
What are the prime factors of 13011?
3, 4337
List the prime factors of 45301.
89, 509
What are the prime factors of 49814?
2, 24907
What are the prime factors of 125?
5
What are the prime factors of 19447?
19447
List the prime factors of 75364.
2, 83, 227
List the prime factors of 3619.
7, 11, 47
What are the prime factors of 79546?
2, 31, 1283
What are the prime factors of 88228?
2, 7, 23, 137
List the prime factors of 1027.
13, 79
What are the prime factors of 2781?
3, 103
List the prime factors of 1441.
11, 131
List the prime factors of 2959.
11, 269
What are the prime factors of 735?
3, 5, 7
What are the prime factors of 9547?
9547
What are the prime factors of 1358?
2, 7, 97
List the prime factors of 4116.
2, 3, 7
What are the prime factors of 5670?
2, 3, 5, 7
List the prime factors of 6228.
2, 3, 173
List the prime factors of 2936.
2, 367
What are the prime factors of 380?
2, 5, 19
What are the prime factors of 4118?
2, 29, 71
List the prime factors of 2247.
3, 7, 107
What are the prime factors of 248?
2, 31
What are the prime factors of 5806?
2, 2903
What are the prime factors of 77499?
3, 79, 109
What are the prime factors of 3898?
2, 1949
List the prime factors of 41611.
41611
What are the prime factors of 18653?
23, 811
What are the prime factors of 16521?
3, 5507
What are the prime factors of 1120?
2, 5, 7
What are the prime factors of 1154?
2, 577
What are the prime factors of 5255?
5, 1051
What are the prime factors of 620?
2, 5, 31
What are the prime factors of 1076?
2, 269
What are the prime factors of 6953?
17, 409
List the prime factors of 38353.
7, 5479
What are the prime factors of 1463?
7, 11, 19
What are the prime factors of 609?
3, 7, 29
List the prime factors of 1095.
3, 5, 73
List the prime factors of 22648.
2, 19, 149
What are the prime factors of 2856?
2, 3, 7, 17
List the prime factors of 1471.
1471
List the prime factors of 9744.
2, 3, 7, 29
List the prime factors of 12648.
2, 3, 17, 31
What are the prime factors of 18360?
2, 3, 5, 17
What are the prime factors of 188?
2, 47
List the prime factors of 14460.
2, 3, 5, 241
What are the prime factors of 5476?
2, 37
List the prime factors of 6186.
2, 3, 1031
List the prime factors of 6773.
13, 521
List the prime factors of 1524.
2, 3, 127
What are the prime factors of 10786?
2, 5393
What are the prime factors of 37322?
2, 18661
What are the prime factors of 41?
41
What are the prime factors of 2450?
2, 5, 7
List the prime factors of 107.
107
List the prime factors of 1433.
1433
What are the prime factors of 53?
53
What are the prime factors of 6229?
6229
List the prime factors of 11476.
2, 19, 151
What are the prime facto